{"id":2,"date":"2022-10-18T13:19:16","date_gmt":"2022-10-18T13:19:16","guid":{"rendered":"https:\/\/clarapache.com\/?page_id=2"},"modified":"2024-04-13T11:42:20","modified_gmt":"2024-04-13T11:42:20","slug":"sobre","status":"publish","type":"page","link":"https:\/\/clarapache.com\/index.php\/sobre\/","title":{"rendered":"Sobre"},"content":{"rendered":"\n<div class=\"wp-block-group alignwide is-layout-flow wp-block-group-is-layout-flow\">\n<div class=\"wp-block-columns is-layout-flex wp-container-core-columns-is-layout-28f84493 wp-block-columns-is-layout-flex\">\n<div class=\"wp-block-column is-layout-flow wp-block-column-is-layout-flow\" style=\"flex-basis:100%\">\n<div class=\"wp-block-columns is-layout-flex wp-container-core-columns-is-layout-28f84493 wp-block-columns-is-layout-flex\">\n<div class=\"wp-block-column has-global-padding is-layout-constrained wp-block-column-is-layout-constrained\">\n<p>Consultora, professora, designer de moda, modelista e figurinista, Clara Pache desde menina j\u00e1 mostrava seu encantamento pelas artes, manualidades e natureza. Em meio aos l\u00e1pis, pap\u00e9is, tintas, linhas, tecidos e miudezas, vivia sua imagina\u00e7\u00e3o e criatividade. Com suas av\u00f3s, despertou seu amor pelo mundo da costura e do belo.&nbsp;<\/p>\n\n\n\n<p id=\"block-d7df7941-6477-4c7a-9db2-4ae8aaff6838\">Quando adulta n\u00e3o pensava em outra atividade sen\u00e3o algo que envolvesse arte, roupas, desenho e manualidades. Por isso formou-se em Artes Visuais com foco em Figurino e Indument\u00e1ria, no SENAI Cetiqt, e ao perceber que estava no caminho certo, especializou-se tamb\u00e9m em Cultura de Moda e Arte na Universidade Federal de Juiz de Fora, ambas no Brasil.<\/p>\n\n\n\n<p id=\"block-f0600c67-6a35-4871-a723-a1af14c4877b\">Com algumas experi\u00eancias no mundo m\u00e1gico do figurino de filmes e programas de tv, buscava algo ainda mais fascinante e \u00edntimo. E foi assim que se encontrou em sua nova experi\u00eancia no mundo das noivas, onde ao participar da cria\u00e7\u00e3o e confec\u00e7\u00e3o dos vestidos, ajudou no sonho de muitas noivas e suas fam\u00edlias.<\/p>\n\n\n\n<p id=\"block-2ce32f67-6014-4a00-b114-e57afa82f90c\">Alguns anos depois se tornou professora na faculdade SENAI Cetiqt e na Escola Sesc de ensino m\u00e9dio, com unidades curriculares relacionadas \u00e0 pesquisa de materiais e figurino, costura, modelagem, cria\u00e7\u00e3o e desenho. A troca e a partilha do conhecimento com os alunos s\u00e3o elementos que a fizeram encontrar-se ainda mais.<\/p>\n\n\n\n<p id=\"block-c3e51a55-b518-4544-bf1d-4bf788ef6a2b\">O universo cativante do saber e dos sonhos foram um verdadeiro &#8220;<em>match<\/em>&#8221; em seu percurso de vida. Atualmente est\u00e1 a cursar o mestrado na Universidade da Beira Interior, em Portugal e continua a dar aulas de forma presencial e online, para iniciantes ou como refor\u00e7o para alunos de cusos de moda, al\u00e9m de produzir moldes e algumas pe\u00e7as sob medida para clientes especiais, feitas sempre com muito afeto e aten\u00e7\u00e3o.<\/p>\n<\/div>\n\n\n\n<div class=\"wp-block-column is-layout-flow wp-block-column-is-layout-flow\">\n<figure class=\"wp-block-image size-large\"><img data-recalc-dims=\"1\" decoding=\"async\" width=\"1024\" height=\"683\" src=\"https:\/\/i0.wp.com\/clarapache.com\/wp-content\/uploads\/2022\/10\/Clara_299.jpg?resize=1024%2C683&#038;ssl=1\" alt=\"\" class=\"wp-image-41\" srcset=\"https:\/\/i0.wp.com\/clarapache.com\/wp-content\/uploads\/2022\/10\/Clara_299-scaled.jpg?resize=1024%2C683&amp;ssl=1 1024w, https:\/\/i0.wp.com\/clarapache.com\/wp-content\/uploads\/2022\/10\/Clara_299-scaled.jpg?resize=300%2C200&amp;ssl=1 300w, https:\/\/i0.wp.com\/clarapache.com\/wp-content\/uploads\/2022\/10\/Clara_299-scaled.jpg?resize=768%2C512&amp;ssl=1 768w, https:\/\/i0.wp.com\/clarapache.com\/wp-content\/uploads\/2022\/10\/Clara_299-scaled.jpg?resize=1536%2C1024&amp;ssl=1 1536w, https:\/\/i0.wp.com\/clarapache.com\/wp-content\/uploads\/2022\/10\/Clara_299-scaled.jpg?resize=2048%2C1365&amp;ssl=1 2048w, https:\/\/i0.wp.com\/clarapache.com\/wp-content\/uploads\/2022\/10\/Clara_299-scaled.jpg?resize=600%2C400&amp;ssl=1 600w, https:\/\/i0.wp.com\/clarapache.com\/wp-content\/uploads\/2022\/10\/Clara_299-scaled.jpg?w=1920&amp;ssl=1 1920w\" sizes=\"(max-width: 1000px) 100vw, 1000px\" \/><\/figure>\n<\/div>\n<\/div>\n<\/div>\n<\/div>\n<\/div>\n","protected":false},"excerpt":{"rendered":"<p>Consultora, professora, designer de moda, modelista e figurinista, Clara Pache desde menina j\u00e1 mostrava seu encantamento pelas artes, manualidades e natureza. Em meio aos l\u00e1pis, pap\u00e9is, tintas, linhas, tecidos e miudezas, vivia sua imagina\u00e7\u00e3o e criatividade. Com suas av\u00f3s, despertou seu amor pelo mundo da costura e do belo.&nbsp; Quando adulta n\u00e3o pensava em outra [&hellip;]<\/p>\n","protected":false},"author":1,"featured_media":0,"parent":0,"menu_order":0,"comment_status":"closed","ping_status":"open","template":"","meta":{"footnotes":""},"class_list":["post-2","page","type-page","status-publish","hentry"],"jetpack_sharing_enabled":true,"_links":{"self":[{"href":"https:\/\/clarapache.com\/index.php\/wp-json\/wp\/v2\/pages\/2","targetHints":{"allow":["GET"]}}],"collection":[{"href":"https:\/\/clarapache.com\/index.php\/wp-json\/wp\/v2\/pages"}],"about":[{"href":"https:\/\/clarapache.com\/index.php\/wp-json\/wp\/v2\/types\/page"}],"author":[{"embeddable":true,"href":"https:\/\/clarapache.com\/index.php\/wp-json\/wp\/v2\/users\/1"}],"replies":[{"embeddable":true,"href":"https:\/\/clarapache.com\/index.php\/wp-json\/wp\/v2\/comments?post=2"}],"version-history":[{"count":10,"href":"https:\/\/clarapache.com\/index.php\/wp-json\/wp\/v2\/pages\/2\/revisions"}],"predecessor-version":[{"id":661,"href":"https:\/\/clarapache.com\/index.php\/wp-json\/wp\/v2\/pages\/2\/revisions\/661"}],"wp:attachment":[{"href":"https:\/\/clarapache.com\/index.php\/wp-json\/wp\/v2\/media?parent=2"}],"curies":[{"name":"wp","href":"https:\/\/api.w.org\/{rel}","templated":true}]}}

<div class="wp-block-group alignwide is-layout-flow wp-block-group-is-layout-flow">
<div class="wp-block-columns is-layout-flex wp-container-core-columns-is-layout-28f84493 wp-block-columns-is-layout-flex">
<div class="wp-block-column is-layout-flow wp-block-column-is-layout-flow" style="flex-basis:100%">
<div class="wp-block-columns is-layout-flex wp-container-core-columns-is-layout-28f84493 wp-block-columns-is-layout-flex">
<div class="wp-block-column has-global-padding is-layout-constrained wp-block-column-is-layout-constrained">
<p>Consultora, professora, designer de moda, modelista e figurinista, Clara Pache desde menina já mostrava seu encantamento pelas artes, manualidades e natureza. Em meio aos lápis, papéis, tintas, linhas, tecidos e miudezas, vivia sua imaginação e criatividade. Com suas avós, despertou seu amor pelo mundo da costura e do belo.&nbsp;</p>



<p id="block-d7df7941-6477-4c7a-9db2-4ae8aaff6838">Quando adulta não pensava em outra atividade senão algo que envolvesse arte, roupas, desenho e manualidades. Por isso formou-se em Artes Visuais com foco em Figurino e Indumentária, no SENAI Cetiqt, e ao perceber que estava no caminho certo, especializou-se também em Cultura de Moda e Arte na Universidade Federal de Juiz de Fora, ambas no Brasil.</p>



<p id="block-f0600c67-6a35-4871-a723-a1af14c4877b">Com algumas experiências no mundo mágico do figurino de filmes e programas de tv, buscava algo ainda mais fascinante e íntimo. E foi assim que se encontrou em sua nova experiência no mundo das noivas, onde ao participar da criação e confecção dos vestidos, ajudou no sonho de muitas noivas e suas famílias.</p>



<p id="block-2ce32f67-6014-4a00-b114-e57afa82f90c">Alguns anos depois se tornou professora na faculdade SENAI Cetiqt e na Escola Sesc de ensino médio, com unidades curriculares relacionadas à pesquisa de materiais e figurino, costura, modelagem, criação e desenho. A troca e a partilha do conhecimento com os alunos são elementos que a fizeram encontrar-se ainda mais.</p>



<p id="block-c3e51a55-b518-4544-bf1d-4bf788ef6a2b">O universo cativante do saber e dos sonhos foram um verdadeiro &#8220;<em>match</em>&#8221; em seu percurso de vida. Atualmente está a cursar o mestrado na Universidade da Beira Interior, em Portugal e continua a dar aulas de forma presencial e online, para iniciantes ou como reforço para alunos de cusos de moda, além de produzir moldes e algumas peças sob medida para clientes especiais, feitas sempre com muito afeto e atenção.</p>
</div>



<div class="wp-block-column is-layout-flow wp-block-column-is-layout-flow">
<figure class="wp-block-image size-large"><img data-recalc-dims="1" decoding="async" width="1024" height="683" src="https://i0.wp.com/clarapache.com/wp-content/uploads/2022/10/Clara_299.jpg?resize=1024%2C683&#038;ssl=1" alt="" class="wp-image-41" srcset="https://i0.wp.com/clarapache.com/wp-content/uploads/2022/10/Clara_299-scaled.jpg?resize=1024%2C683&amp;ssl=1 1024w, https://i0.wp.com/clarapache.com/wp-content/uploads/2022/10/Clara_299-scaled.jpg?resize=300%2C200&amp;ssl=1 300w, https://i0.wp.com/clarapache.com/wp-content/uploads/2022/10/Clara_299-scaled.jpg?resize=768%2C512&amp;ssl=1 768w, https://i0.wp.com/clarapache.com/wp-content/uploads/2022/10/Clara_299-scaled.jpg?resize=1536%2C1024&amp;ssl=1 1536w, https://i0.wp.com/clarapache.com/wp-content/uploads/2022/10/Clara_299-scaled.jpg?resize=2048%2C1365&amp;ssl=1 2048w, https://i0.wp.com/clarapache.com/wp-content/uploads/2022/10/Clara_299-scaled.jpg?resize=600%2C400&amp;ssl=1 600w, https://i0.wp.com/clarapache.com/wp-content/uploads/2022/10/Clara_299-scaled.jpg?w=1920&amp;ssl=1 1920w" sizes="(max-width: 1000px) 100vw, 1000px" /></figure>
</div>
</div>
</div>
</div>
</div>

<p>Consultora, professora, designer de moda, modelista e figurinista, Clara Pache desde menina já mostrava seu encantamento pelas artes, manualidades e natureza. Em meio aos lápis, papéis, tintas, linhas, tecidos e miudezas, vivia sua imaginação e criatividade. Com suas avós, despertou seu amor pelo mundo da costura e do belo.&nbsp; Quando adulta não pensava em outra [&hellip;]</p>
