{"id":269,"date":"2022-11-20T13:00:56","date_gmt":"2022-11-20T13:00:56","guid":{"rendered":"https:\/\/clarapache.com\/?page_id=269"},"modified":"2022-11-20T20:49:33","modified_gmt":"2022-11-20T20:49:33","slug":"juliana","status":"publish","type":"page","link":"https:\/\/clarapache.com\/index.php\/clientes\/juliana\/","title":{"rendered":"Juliana"},"content":{"rendered":"\n<div class=\"wp-block-cover aligncenter is-light\"><span aria-hidden=\"true\" class=\"wp-block-cover__background has-background-dim\"><\/span><img data-recalc-dims=\"1\" decoding=\"async\" width=\"485\" height=\"331\" class=\"wp-block-cover__image-background wp-image-282\" alt=\"\" src=\"https:\/\/i0.wp.com\/clarapache.com\/wp-content\/uploads\/2022\/11\/ju_3-1.jpg?resize=485%2C331&#038;ssl=1\" data-object-fit=\"cover\" srcset=\"https:\/\/i0.wp.com\/clarapache.com\/wp-content\/uploads\/2022\/11\/ju_3-1.jpg?w=485&amp;ssl=1 485w, https:\/\/i0.wp.com\/clarapache.com\/wp-content\/uploads\/2022\/11\/ju_3-1.jpg?resize=300%2C205&amp;ssl=1 300w\" sizes=\"(max-width: 485px) 100vw, 485px\" \/><div class=\"wp-block-cover__inner-container is-layout-flow wp-block-cover-is-layout-flow\">\n<h1 class=\"has-text-align-center has-white-color has-text-color wp-block-heading\" style=\"font-size:clamp(26.944px, 1.684rem + ((1vw - 3.2px) * 1.985), 46px);\"><strong>Juliana<\/strong><\/h1>\n<\/div><\/div>\n\n\n\n<p class=\"has-text-align-center\"><strong>O primeiro vestido<\/strong><\/p>\n\n\n\n<p>Juliana \u00e9 uma de minhas melhores amigas desde ensino secund\u00e1rio, em 2014 quando ela anunciou que celebraria seu casamento, logo me pediu que fizesse seu vestido, pois sabia de todo meu amor e experi\u00eancia pelos vestidos de noivas. Foi ent\u00e3o a primeira noiva feita desde a cria\u00e7\u00e3o do desenho at\u00e9 a constru\u00e7\u00e3o do vestido somente pelas minhas m\u00e3os.<\/p>\n\n\n\n<div class=\"wp-block-columns is-layout-flex wp-container-core-columns-is-layout-28f84493 wp-block-columns-is-layout-flex\">\n<div class=\"wp-block-column is-layout-flow wp-block-column-is-layout-flow\">\n<figure class=\"wp-block-image aligncenter size-full is-resized\"><img data-recalc-dims=\"1\" decoding=\"async\" src=\"https:\/\/i0.wp.com\/clarapache.com\/wp-content\/uploads\/2022\/11\/ju_3.jpg?resize=339%2C602&#038;ssl=1\" alt=\"\" class=\"wp-image-281\" width=\"339\" height=\"602\" srcset=\"https:\/\/i0.wp.com\/clarapache.com\/wp-content\/uploads\/2022\/11\/ju_3.jpg?w=541&amp;ssl=1 541w, https:\/\/i0.wp.com\/clarapache.com\/wp-content\/uploads\/2022\/11\/ju_3.jpg?resize=169%2C300&amp;ssl=1 169w\" sizes=\"(max-width: 339px) 100vw, 339px\" \/><\/figure>\n<\/div>\n\n\n\n<div class=\"wp-block-column is-layout-flow wp-block-column-is-layout-flow\">\n<figure class=\"wp-block-image aligncenter size-full is-resized\"><img data-recalc-dims=\"1\" decoding=\"async\" src=\"https:\/\/i0.wp.com\/clarapache.com\/wp-content\/uploads\/2022\/11\/Untitled_Artwork.jpg?resize=341%2C605&#038;ssl=1\" alt=\"\" class=\"wp-image-286\" width=\"341\" height=\"605\" srcset=\"https:\/\/i0.wp.com\/clarapache.com\/wp-content\/uploads\/2022\/11\/Untitled_Artwork.jpg?w=541&amp;ssl=1 541w, https:\/\/i0.wp.com\/clarapache.com\/wp-content\/uploads\/2022\/11\/Untitled_Artwork.jpg?resize=169%2C300&amp;ssl=1 169w\" sizes=\"(max-width: 341px) 100vw, 341px\" \/><\/figure>\n<\/div>\n<\/div>\n\n\n\n<p>Optamos por um vestido inspirado na Gr\u00e9cia, com drapeado torcido no ombro s\u00f3 e finalizado no centro das costas, saia god\u00ea com duas camadas de crepe branca e mousseline p\u00e9rola, para dar um efeito mais claro ao perolado, sem perder a delicadeza da cor. Foi feita tamb\u00e9m uma flor em tecido e uma fita para finalizar o penteado.<\/p>\n\n\n\n<figure class=\"wp-block-image aligncenter size-full is-resized\"><img data-recalc-dims=\"1\" decoding=\"async\" src=\"https:\/\/i0.wp.com\/clarapache.com\/wp-content\/uploads\/2022\/11\/ju-2.jpg?resize=485%2C323&#038;ssl=1\" alt=\"\" class=\"wp-image-279\" width=\"485\" height=\"323\" srcset=\"https:\/\/i0.wp.com\/clarapache.com\/wp-content\/uploads\/2022\/11\/ju-2.jpg?w=960&amp;ssl=1 960w, https:\/\/i0.wp.com\/clarapache.com\/wp-content\/uploads\/2022\/11\/ju-2.jpg?resize=300%2C200&amp;ssl=1 300w, https:\/\/i0.wp.com\/clarapache.com\/wp-content\/uploads\/2022\/11\/ju-2.jpg?resize=768%2C512&amp;ssl=1 768w, https:\/\/i0.wp.com\/clarapache.com\/wp-content\/uploads\/2022\/11\/ju-2.jpg?resize=600%2C400&amp;ssl=1 600w\" sizes=\"(max-width: 485px) 100vw, 485px\" \/><figcaption class=\"wp-element-caption\">Encontro das amigas e m\u00e3e com a noiva <\/figcaption><\/figure>\n","protected":false},"excerpt":{"rendered":"<p>O primeiro vestido Juliana \u00e9 uma de minhas melhores amigas desde ensino secund\u00e1rio, em 2014 quando ela anunciou que celebraria seu casamento, logo me pediu que fizesse seu vestido, pois sabia de todo meu amor e experi\u00eancia pelos vestidos de noivas. Foi ent\u00e3o a primeira noiva feita desde a cria\u00e7\u00e3o do desenho at\u00e9 a constru\u00e7\u00e3o [&hellip;]<\/p>\n","protected":false},"author":2,"featured_media":0,"parent":268,"menu_order":0,"comment_status":"closed","ping_status":"closed","template":"","meta":{"footnotes":""},"class_list":["post-269","page","type-page","status-publish","hentry"],"jetpack_sharing_enabled":true,"_links":{"self":[{"href":"https:\/\/clarapache.com\/index.php\/wp-json\/wp\/v2\/pages\/269","targetHints":{"allow":["GET"]}}],"collection":[{"href":"https:\/\/clarapache.com\/index.php\/wp-json\/wp\/v2\/pages"}],"about":[{"href":"https:\/\/clarapache.com\/index.php\/wp-json\/wp\/v2\/types\/page"}],"author":[{"embeddable":true,"href":"https:\/\/clarapache.com\/index.php\/wp-json\/wp\/v2\/users\/2"}],"replies":[{"embeddable":true,"href":"https:\/\/clarapache.com\/index.php\/wp-json\/wp\/v2\/comments?post=269"}],"version-history":[{"count":5,"href":"https:\/\/clarapache.com\/index.php\/wp-json\/wp\/v2\/pages\/269\/revisions"}],"predecessor-version":[{"id":561,"href":"https:\/\/clarapache.com\/index.php\/wp-json\/wp\/v2\/pages\/269\/revisions\/561"}],"up":[{"embeddable":true,"href":"https:\/\/clarapache.com\/index.php\/wp-json\/wp\/v2\/pages\/268"}],"wp:attachment":[{"href":"https:\/\/clarapache.com\/index.php\/wp-json\/wp\/v2\/media?parent=269"}],"curies":[{"name":"wp","href":"https:\/\/api.w.org\/{rel}","templated":true}]}}

<div class="wp-block-cover aligncenter is-light"><span aria-hidden="true" class="wp-block-cover__background has-background-dim"></span><img data-recalc-dims="1" decoding="async" width="485" height="331" class="wp-block-cover__image-background wp-image-282" alt="" src="https://i0.wp.com/clarapache.com/wp-content/uploads/2022/11/ju_3-1.jpg?resize=485%2C331&#038;ssl=1" data-object-fit="cover" srcset="https://i0.wp.com/clarapache.com/wp-content/uploads/2022/11/ju_3-1.jpg?w=485&amp;ssl=1 485w, https://i0.wp.com/clarapache.com/wp-content/uploads/2022/11/ju_3-1.jpg?resize=300%2C205&amp;ssl=1 300w" sizes="(max-width: 485px) 100vw, 485px" /><div class="wp-block-cover__inner-container is-layout-flow wp-block-cover-is-layout-flow">
<h1 class="has-text-align-center has-white-color has-text-color wp-block-heading" style="font-size:clamp(26.944px, 1.684rem + ((1vw - 3.2px) * 1.985), 46px);"><strong>Juliana</strong></h1>
</div></div>



<p class="has-text-align-center"><strong>O primeiro vestido</strong></p>



<p>Juliana é uma de minhas melhores amigas desde ensino secundário, em 2014 quando ela anunciou que celebraria seu casamento, logo me pediu que fizesse seu vestido, pois sabia de todo meu amor e experiência pelos vestidos de noivas. Foi então a primeira noiva feita desde a criação do desenho até a construção do vestido somente pelas minhas mãos.</p>



<div class="wp-block-columns is-layout-flex wp-container-core-columns-is-layout-28f84493 wp-block-columns-is-layout-flex">
<div class="wp-block-column is-layout-flow wp-block-column-is-layout-flow">
<figure class="wp-block-image aligncenter size-full is-resized"><img data-recalc-dims="1" decoding="async" src="https://i0.wp.com/clarapache.com/wp-content/uploads/2022/11/ju_3.jpg?resize=339%2C602&#038;ssl=1" alt="" class="wp-image-281" width="339" height="602" srcset="https://i0.wp.com/clarapache.com/wp-content/uploads/2022/11/ju_3.jpg?w=541&amp;ssl=1 541w, https://i0.wp.com/clarapache.com/wp-content/uploads/2022/11/ju_3.jpg?resize=169%2C300&amp;ssl=1 169w" sizes="(max-width: 339px) 100vw, 339px" /></figure>
</div>



<div class="wp-block-column is-layout-flow wp-block-column-is-layout-flow">
<figure class="wp-block-image aligncenter size-full is-resized"><img data-recalc-dims="1" decoding="async" src="https://i0.wp.com/clarapache.com/wp-content/uploads/2022/11/Untitled_Artwork.jpg?resize=341%2C605&#038;ssl=1" alt="" class="wp-image-286" width="341" height="605" srcset="https://i0.wp.com/clarapache.com/wp-content/uploads/2022/11/Untitled_Artwork.jpg?w=541&amp;ssl=1 541w, https://i0.wp.com/clarapache.com/wp-content/uploads/2022/11/Untitled_Artwork.jpg?resize=169%2C300&amp;ssl=1 169w" sizes="(max-width: 341px) 100vw, 341px" /></figure>
</div>
</div>



<p>Optamos por um vestido inspirado na Grécia, com drapeado torcido no ombro só e finalizado no centro das costas, saia godê com duas camadas de crepe branca e mousseline pérola, para dar um efeito mais claro ao perolado, sem perder a delicadeza da cor. Foi feita também uma flor em tecido e uma fita para finalizar o penteado.</p>



<figure class="wp-block-image aligncenter size-full is-resized"><img data-recalc-dims="1" decoding="async" src="https://i0.wp.com/clarapache.com/wp-content/uploads/2022/11/ju-2.jpg?resize=485%2C323&#038;ssl=1" alt="" class="wp-image-279" width="485" height="323" srcset="https://i0.wp.com/clarapache.com/wp-content/uploads/2022/11/ju-2.jpg?w=960&amp;ssl=1 960w, https://i0.wp.com/clarapache.com/wp-content/uploads/2022/11/ju-2.jpg?resize=300%2C200&amp;ssl=1 300w, https://i0.wp.com/clarapache.com/wp-content/uploads/2022/11/ju-2.jpg?resize=768%2C512&amp;ssl=1 768w, https://i0.wp.com/clarapache.com/wp-content/uploads/2022/11/ju-2.jpg?resize=600%2C400&amp;ssl=1 600w" sizes="(max-width: 485px) 100vw, 485px" /><figcaption class="wp-element-caption">Encontro das amigas e mãe com a noiva </figcaption></figure>

<p>O primeiro vestido Juliana é uma de minhas melhores amigas desde ensino secundário, em 2014 quando ela anunciou que celebraria seu casamento, logo me pediu que fizesse seu vestido, pois sabia de todo meu amor e experiência pelos vestidos de noivas. Foi então a primeira noiva feita desde a criação do desenho até a construção [&hellip;]</p>
