{"id":566,"date":"2022-12-30T15:17:18","date_gmt":"2022-12-30T15:17:18","guid":{"rendered":"https:\/\/clarapache.com\/?page_id=566"},"modified":"2023-01-03T18:04:41","modified_gmt":"2023-01-03T18:04:41","slug":"concurso-orange-day","status":"publish","type":"page","link":"https:\/\/clarapache.com\/index.php\/portfolio-2\/concurso-orange-day\/","title":{"rendered":"Desfile &#8220;Orange Day&#8221;"},"content":{"rendered":"\n<p>Look criado e produzido em conjunto dos designers Clara Pache, Bruno Arrais e Rafaela Schimitt, a representar a Universidade da Beira Interior , para desfile <em><strong>\u201cOrange Day\u201d<\/strong><\/em>, em Lisboa, no dia 25 de novembro de 2022, Dia Internacional pela elimina\u00e7\u00e3o da viol\u00eancia contra as mulheres, e na Covilh\u00e3, no dia de abertuda da exposi\u00e7\u00e3o <em><strong>&#8220;Design? Design!&#8221;<\/strong><\/em>.<\/p>\n\n\n\n<div class=\"wp-block-columns is-layout-flex wp-container-core-columns-is-layout-28f84493 wp-block-columns-is-layout-flex\">\n<div class=\"wp-block-column is-layout-flow wp-block-column-is-layout-flow\">\n<figure class=\"wp-block-image size-large\"><img data-recalc-dims=\"1\" decoding=\"async\" width=\"1024\" height=\"723\" src=\"https:\/\/i0.wp.com\/clarapache.com\/wp-content\/uploads\/2022\/12\/4E3D3649-454F-4966-930C-CE134AA0879D_1_105_c.jpeg?resize=1024%2C723&#038;ssl=1\" alt=\"\" class=\"wp-image-567\" srcset=\"https:\/\/i0.wp.com\/clarapache.com\/wp-content\/uploads\/2022\/12\/4E3D3649-454F-4966-930C-CE134AA0879D_1_105_c.jpeg?resize=1024%2C723&amp;ssl=1 1024w, https:\/\/i0.wp.com\/clarapache.com\/wp-content\/uploads\/2022\/12\/4E3D3649-454F-4966-930C-CE134AA0879D_1_105_c.jpeg?resize=300%2C212&amp;ssl=1 300w, https:\/\/i0.wp.com\/clarapache.com\/wp-content\/uploads\/2022\/12\/4E3D3649-454F-4966-930C-CE134AA0879D_1_105_c.jpeg?resize=768%2C542&amp;ssl=1 768w, https:\/\/i0.wp.com\/clarapache.com\/wp-content\/uploads\/2022\/12\/4E3D3649-454F-4966-930C-CE134AA0879D_1_105_c.jpeg?w=1055&amp;ssl=1 1055w\" sizes=\"(max-width: 1000px) 100vw, 1000px\" \/><\/figure>\n<\/div>\n\n\n\n<div class=\"wp-block-column is-layout-flow wp-block-column-is-layout-flow\">\n<figure class=\"wp-block-image size-large\"><img data-recalc-dims=\"1\" decoding=\"async\" width=\"1024\" height=\"727\" src=\"https:\/\/i0.wp.com\/clarapache.com\/wp-content\/uploads\/2022\/12\/C75052AB-954D-4BFE-8B7D-B3D94F0F7B13_1_105_c.jpeg?resize=1024%2C727&#038;ssl=1\" alt=\"\" class=\"wp-image-568\" srcset=\"https:\/\/i0.wp.com\/clarapache.com\/wp-content\/uploads\/2022\/12\/C75052AB-954D-4BFE-8B7D-B3D94F0F7B13_1_105_c.jpeg?resize=1024%2C727&amp;ssl=1 1024w, https:\/\/i0.wp.com\/clarapache.com\/wp-content\/uploads\/2022\/12\/C75052AB-954D-4BFE-8B7D-B3D94F0F7B13_1_105_c.jpeg?resize=300%2C213&amp;ssl=1 300w, https:\/\/i0.wp.com\/clarapache.com\/wp-content\/uploads\/2022\/12\/C75052AB-954D-4BFE-8B7D-B3D94F0F7B13_1_105_c.jpeg?resize=768%2C545&amp;ssl=1 768w, https:\/\/i0.wp.com\/clarapache.com\/wp-content\/uploads\/2022\/12\/C75052AB-954D-4BFE-8B7D-B3D94F0F7B13_1_105_c.jpeg?w=1052&amp;ssl=1 1052w\" sizes=\"(max-width: 1000px) 100vw, 1000px\" \/><\/figure>\n<\/div>\n<\/div>\n\n\n\n<p>Briefing<\/p>\n\n\n\n<p class=\"has-text-align-left\"><strong>\u201cMan! I Feel Like A Woman\u201d<\/strong> debate a desigualdade de g\u00e9nero no ambiente profissional. Este coordenado \u00e9 composto por uma assimetria visual que, num lado mostra a apropria\u00e7\u00e3o do fato masculino pelas mulheres no anos 60, onde pela primeira vez, foi apresentado um fato pensado na anatomia da mulher, que veio revolucionar o seu papel na sociedade com um forte simbolismo do empoderamento feminino; J\u00e1 no outro lado, a ado\u00e7\u00e3o de uma forma mais volumosa com a possibilidade de franzir mais ou menos suas partes a partir das tiras, retrata a mulher contempor\u00e2nea, com um pouco mais de livre arb\u00edtrio, em que j\u00e1 n\u00e3o tem de ser retratada com roupas t\u00e3o \u201cs\u00e9rias\u201d para que seja levada a s\u00e9rio, mostrando a liberdade que a mulher veio conquistando at\u00e9 a atualidade. Este contraste tamb\u00e9m \u00e9 evidenciado nas cores, onde temos o preto a mostrar a sobriedade e seriedade, e o laranja a mostrar a alegria, vitalidade e a prosperidade, mas tamb\u00e9m vem representar e conscientizar sobre a preven\u00e7\u00e3o da viol\u00eancia contra as mulheres. O detalhe de pedraria e bordado na lapela com a frase \u201cMan! I Feel Like A Woman\u201d em tons de vermelho vem precisamente celebrar a mulher, e a sua emancipa\u00e7\u00e3o ao longo dos anos.<\/p>\n\n\n\n<div class=\"wp-block-columns is-layout-flex wp-container-core-columns-is-layout-28f84493 wp-block-columns-is-layout-flex\">\n<div class=\"wp-block-column is-layout-flow wp-block-column-is-layout-flow\">\n<figure class=\"wp-block-image size-full\"><img data-recalc-dims=\"1\" decoding=\"async\" width=\"768\" height=\"1024\" src=\"https:\/\/i0.wp.com\/clarapache.com\/wp-content\/uploads\/2022\/12\/45A77EAE-FF59-466E-8826-8698FCDEA814_1_105_c.jpeg?resize=768%2C1024&#038;ssl=1\" alt=\"\" class=\"wp-image-571\" srcset=\"https:\/\/i0.wp.com\/clarapache.com\/wp-content\/uploads\/2022\/12\/45A77EAE-FF59-466E-8826-8698FCDEA814_1_105_c.jpeg?w=768&amp;ssl=1 768w, https:\/\/i0.wp.com\/clarapache.com\/wp-content\/uploads\/2022\/12\/45A77EAE-FF59-466E-8826-8698FCDEA814_1_105_c.jpeg?resize=225%2C300&amp;ssl=1 225w\" sizes=\"(max-width: 768px) 100vw, 768px\" \/><\/figure>\n<\/div>\n\n\n\n<div class=\"wp-block-column is-layout-flow wp-block-column-is-layout-flow\">\n<figure class=\"wp-block-image size-large is-resized\"><img data-recalc-dims=\"1\" decoding=\"async\" src=\"https:\/\/i0.wp.com\/clarapache.com\/wp-content\/uploads\/2022\/12\/FB39637F-90F1-4513-9A65-BD927D3E5BA4_1_105_c-edited.jpeg?resize=399%2C598&#038;ssl=1\" alt=\"\" class=\"wp-image-574\" width=\"399\" height=\"598\" srcset=\"https:\/\/i0.wp.com\/clarapache.com\/wp-content\/uploads\/2022\/12\/FB39637F-90F1-4513-9A65-BD927D3E5BA4_1_105_c-edited.jpeg?w=696&amp;ssl=1 696w, https:\/\/i0.wp.com\/clarapache.com\/wp-content\/uploads\/2022\/12\/FB39637F-90F1-4513-9A65-BD927D3E5BA4_1_105_c-edited.jpeg?resize=200%2C300&amp;ssl=1 200w, https:\/\/i0.wp.com\/clarapache.com\/wp-content\/uploads\/2022\/12\/FB39637F-90F1-4513-9A65-BD927D3E5BA4_1_105_c-edited.jpeg?resize=683%2C1024&amp;ssl=1 683w\" sizes=\"(max-width: 399px) 100vw, 399px\" \/><\/figure>\n<\/div>\n<\/div>\n\n\n\n<div class=\"wp-block-columns is-layout-flex wp-container-core-columns-is-layout-28f84493 wp-block-columns-is-layout-flex\">\n<div class=\"wp-block-column is-layout-flow wp-block-column-is-layout-flow\">\n<figure class=\"wp-block-image size-large\"><img data-recalc-dims=\"1\" decoding=\"async\" width=\"579\" height=\"1024\" src=\"https:\/\/i0.wp.com\/clarapache.com\/wp-content\/uploads\/2022\/12\/A63229DB-D070-45E2-AC9F-EBFBB6D42194_1_201_a.jpeg?resize=579%2C1024&#038;ssl=1\" alt=\"\" class=\"wp-image-576\" srcset=\"https:\/\/i0.wp.com\/clarapache.com\/wp-content\/uploads\/2022\/12\/A63229DB-D070-45E2-AC9F-EBFBB6D42194_1_201_a.jpeg?resize=579%2C1024&amp;ssl=1 579w, https:\/\/i0.wp.com\/clarapache.com\/wp-content\/uploads\/2022\/12\/A63229DB-D070-45E2-AC9F-EBFBB6D42194_1_201_a.jpeg?resize=170%2C300&amp;ssl=1 170w, https:\/\/i0.wp.com\/clarapache.com\/wp-content\/uploads\/2022\/12\/A63229DB-D070-45E2-AC9F-EBFBB6D42194_1_201_a.jpeg?resize=768%2C1359&amp;ssl=1 768w, https:\/\/i0.wp.com\/clarapache.com\/wp-content\/uploads\/2022\/12\/A63229DB-D070-45E2-AC9F-EBFBB6D42194_1_201_a.jpeg?w=825&amp;ssl=1 825w\" sizes=\"(max-width: 579px) 100vw, 579px\" \/><\/figure>\n<\/div>\n\n\n\n<div class=\"wp-block-column is-layout-flow wp-block-column-is-layout-flow\">\n<figure class=\"wp-block-image size-large is-resized\"><img data-recalc-dims=\"1\" decoding=\"async\" src=\"https:\/\/i0.wp.com\/clarapache.com\/wp-content\/uploads\/2022\/12\/7CF3AC11-0A28-4100-98FC-F5392DA4AE16_1_201_a.jpeg?resize=439%2C792&#038;ssl=1\" alt=\"\" class=\"wp-image-575\" width=\"439\" height=\"792\" srcset=\"https:\/\/i0.wp.com\/clarapache.com\/wp-content\/uploads\/2022\/12\/7CF3AC11-0A28-4100-98FC-F5392DA4AE16_1_201_a.jpeg?resize=568%2C1024&amp;ssl=1 568w, https:\/\/i0.wp.com\/clarapache.com\/wp-content\/uploads\/2022\/12\/7CF3AC11-0A28-4100-98FC-F5392DA4AE16_1_201_a.jpeg?resize=166%2C300&amp;ssl=1 166w, https:\/\/i0.wp.com\/clarapache.com\/wp-content\/uploads\/2022\/12\/7CF3AC11-0A28-4100-98FC-F5392DA4AE16_1_201_a.jpeg?resize=768%2C1384&amp;ssl=1 768w, https:\/\/i0.wp.com\/clarapache.com\/wp-content\/uploads\/2022\/12\/7CF3AC11-0A28-4100-98FC-F5392DA4AE16_1_201_a.jpeg?w=816&amp;ssl=1 816w\" sizes=\"(max-width: 439px) 100vw, 439px\" \/><\/figure>\n<\/div>\n<\/div>\n\n\n\n<p class=\"has-text-align-left\">Cria\u00e7\u00e3o: Bruno Arrais, Clara Pache e Rafaela Schmitt<\/p>\n\n\n\n<p>Modelagem e confe\u00e7\u00e3o: Clara Pache<\/p>\n\n\n\n<p>Modelo: Bruno Arrais<\/p>\n\n\n\n<p>Fotos: Beatriz Neves <\/p>\n","protected":false},"excerpt":{"rendered":"<p>Look criado e produzido em conjunto dos designers Clara Pache, Bruno Arrais e Rafaela Schimitt, a representar a Universidade da Beira Interior , para desfile \u201cOrange Day\u201d, em Lisboa, no dia 25 de novembro de 2022, Dia Internacional pela elimina\u00e7\u00e3o da viol\u00eancia contra as mulheres, e na Covilh\u00e3, no dia de abertuda da exposi\u00e7\u00e3o &#8220;Design? [&hellip;]<\/p>\n","protected":false},"author":2,"featured_media":0,"parent":407,"menu_order":0,"comment_status":"closed","ping_status":"closed","template":"","meta":{"footnotes":""},"class_list":["post-566","page","type-page","status-publish","hentry"],"jetpack_sharing_enabled":true,"_links":{"self":[{"href":"https:\/\/clarapache.com\/index.php\/wp-json\/wp\/v2\/pages\/566","targetHints":{"allow":["GET"]}}],"collection":[{"href":"https:\/\/clarapache.com\/index.php\/wp-json\/wp\/v2\/pages"}],"about":[{"href":"https:\/\/clarapache.com\/index.php\/wp-json\/wp\/v2\/types\/page"}],"author":[{"embeddable":true,"href":"https:\/\/clarapache.com\/index.php\/wp-json\/wp\/v2\/users\/2"}],"replies":[{"embeddable":true,"href":"https:\/\/clarapache.com\/index.php\/wp-json\/wp\/v2\/comments?post=566"}],"version-history":[{"count":6,"href":"https:\/\/clarapache.com\/index.php\/wp-json\/wp\/v2\/pages\/566\/revisions"}],"predecessor-version":[{"id":589,"href":"https:\/\/clarapache.com\/index.php\/wp-json\/wp\/v2\/pages\/566\/revisions\/589"}],"up":[{"embeddable":true,"href":"https:\/\/clarapache.com\/index.php\/wp-json\/wp\/v2\/pages\/407"}],"wp:attachment":[{"href":"https:\/\/clarapache.com\/index.php\/wp-json\/wp\/v2\/media?parent=566"}],"curies":[{"name":"wp","href":"https:\/\/api.w.org\/{rel}","templated":true}]}}

<p>Look criado e produzido em conjunto dos designers Clara Pache, Bruno Arrais e Rafaela Schimitt, a representar a Universidade da Beira Interior , para desfile <em><strong>“Orange Day”</strong></em>, em Lisboa, no dia 25 de novembro de 2022, Dia Internacional pela eliminação da violência contra as mulheres, e na Covilhã, no dia de abertuda da exposição <em><strong>&#8220;Design? Design!&#8221;</strong></em>.</p>



<div class="wp-block-columns is-layout-flex wp-container-core-columns-is-layout-28f84493 wp-block-columns-is-layout-flex">
<div class="wp-block-column is-layout-flow wp-block-column-is-layout-flow">
<figure class="wp-block-image size-large"><img data-recalc-dims="1" decoding="async" width="1024" height="723" src="https://i0.wp.com/clarapache.com/wp-content/uploads/2022/12/4E3D3649-454F-4966-930C-CE134AA0879D_1_105_c.jpeg?resize=1024%2C723&#038;ssl=1" alt="" class="wp-image-567" srcset="https://i0.wp.com/clarapache.com/wp-content/uploads/2022/12/4E3D3649-454F-4966-930C-CE134AA0879D_1_105_c.jpeg?resize=1024%2C723&amp;ssl=1 1024w, https://i0.wp.com/clarapache.com/wp-content/uploads/2022/12/4E3D3649-454F-4966-930C-CE134AA0879D_1_105_c.jpeg?resize=300%2C212&amp;ssl=1 300w, https://i0.wp.com/clarapache.com/wp-content/uploads/2022/12/4E3D3649-454F-4966-930C-CE134AA0879D_1_105_c.jpeg?resize=768%2C542&amp;ssl=1 768w, https://i0.wp.com/clarapache.com/wp-content/uploads/2022/12/4E3D3649-454F-4966-930C-CE134AA0879D_1_105_c.jpeg?w=1055&amp;ssl=1 1055w" sizes="(max-width: 1000px) 100vw, 1000px" /></figure>
</div>



<div class="wp-block-column is-layout-flow wp-block-column-is-layout-flow">
<figure class="wp-block-image size-large"><img data-recalc-dims="1" decoding="async" width="1024" height="727" src="https://i0.wp.com/clarapache.com/wp-content/uploads/2022/12/C75052AB-954D-4BFE-8B7D-B3D94F0F7B13_1_105_c.jpeg?resize=1024%2C727&#038;ssl=1" alt="" class="wp-image-568" srcset="https://i0.wp.com/clarapache.com/wp-content/uploads/2022/12/C75052AB-954D-4BFE-8B7D-B3D94F0F7B13_1_105_c.jpeg?resize=1024%2C727&amp;ssl=1 1024w, https://i0.wp.com/clarapache.com/wp-content/uploads/2022/12/C75052AB-954D-4BFE-8B7D-B3D94F0F7B13_1_105_c.jpeg?resize=300%2C213&amp;ssl=1 300w, https://i0.wp.com/clarapache.com/wp-content/uploads/2022/12/C75052AB-954D-4BFE-8B7D-B3D94F0F7B13_1_105_c.jpeg?resize=768%2C545&amp;ssl=1 768w, https://i0.wp.com/clarapache.com/wp-content/uploads/2022/12/C75052AB-954D-4BFE-8B7D-B3D94F0F7B13_1_105_c.jpeg?w=1052&amp;ssl=1 1052w" sizes="(max-width: 1000px) 100vw, 1000px" /></figure>
</div>
</div>



<p>Briefing</p>



<p class="has-text-align-left"><strong>“Man! I Feel Like A Woman”</strong> debate a desigualdade de género no ambiente profissional. Este coordenado é composto por uma assimetria visual que, num lado mostra a apropriação do fato masculino pelas mulheres no anos 60, onde pela primeira vez, foi apresentado um fato pensado na anatomia da mulher, que veio revolucionar o seu papel na sociedade com um forte simbolismo do empoderamento feminino; Já no outro lado, a adoção de uma forma mais volumosa com a possibilidade de franzir mais ou menos suas partes a partir das tiras, retrata a mulher contemporânea, com um pouco mais de livre arbítrio, em que já não tem de ser retratada com roupas tão “sérias” para que seja levada a sério, mostrando a liberdade que a mulher veio conquistando até a atualidade. Este contraste também é evidenciado nas cores, onde temos o preto a mostrar a sobriedade e seriedade, e o laranja a mostrar a alegria, vitalidade e a prosperidade, mas também vem representar e conscientizar sobre a prevenção da violência contra as mulheres. O detalhe de pedraria e bordado na lapela com a frase “Man! I Feel Like A Woman” em tons de vermelho vem precisamente celebrar a mulher, e a sua emancipação ao longo dos anos.</p>



<div class="wp-block-columns is-layout-flex wp-container-core-columns-is-layout-28f84493 wp-block-columns-is-layout-flex">
<div class="wp-block-column is-layout-flow wp-block-column-is-layout-flow">
<figure class="wp-block-image size-full"><img data-recalc-dims="1" decoding="async" width="768" height="1024" src="https://i0.wp.com/clarapache.com/wp-content/uploads/2022/12/45A77EAE-FF59-466E-8826-8698FCDEA814_1_105_c.jpeg?resize=768%2C1024&#038;ssl=1" alt="" class="wp-image-571" srcset="https://i0.wp.com/clarapache.com/wp-content/uploads/2022/12/45A77EAE-FF59-466E-8826-8698FCDEA814_1_105_c.jpeg?w=768&amp;ssl=1 768w, https://i0.wp.com/clarapache.com/wp-content/uploads/2022/12/45A77EAE-FF59-466E-8826-8698FCDEA814_1_105_c.jpeg?resize=225%2C300&amp;ssl=1 225w" sizes="(max-width: 768px) 100vw, 768px" /></figure>
</div>



<div class="wp-block-column is-layout-flow wp-block-column-is-layout-flow">
<figure class="wp-block-image size-large is-resized"><img data-recalc-dims="1" decoding="async" src="https://i0.wp.com/clarapache.com/wp-content/uploads/2022/12/FB39637F-90F1-4513-9A65-BD927D3E5BA4_1_105_c-edited.jpeg?resize=399%2C598&#038;ssl=1" alt="" class="wp-image-574" width="399" height="598" srcset="https://i0.wp.com/clarapache.com/wp-content/uploads/2022/12/FB39637F-90F1-4513-9A65-BD927D3E5BA4_1_105_c-edited.jpeg?w=696&amp;ssl=1 696w, https://i0.wp.com/clarapache.com/wp-content/uploads/2022/12/FB39637F-90F1-4513-9A65-BD927D3E5BA4_1_105_c-edited.jpeg?resize=200%2C300&amp;ssl=1 200w, https://i0.wp.com/clarapache.com/wp-content/uploads/2022/12/FB39637F-90F1-4513-9A65-BD927D3E5BA4_1_105_c-edited.jpeg?resize=683%2C1024&amp;ssl=1 683w" sizes="(max-width: 399px) 100vw, 399px" /></figure>
</div>
</div>



<div class="wp-block-columns is-layout-flex wp-container-core-columns-is-layout-28f84493 wp-block-columns-is-layout-flex">
<div class="wp-block-column is-layout-flow wp-block-column-is-layout-flow">
<figure class="wp-block-image size-large"><img data-recalc-dims="1" decoding="async" width="579" height="1024" src="https://i0.wp.com/clarapache.com/wp-content/uploads/2022/12/A63229DB-D070-45E2-AC9F-EBFBB6D42194_1_201_a.jpeg?resize=579%2C1024&#038;ssl=1" alt="" class="wp-image-576" srcset="https://i0.wp.com/clarapache.com/wp-content/uploads/2022/12/A63229DB-D070-45E2-AC9F-EBFBB6D42194_1_201_a.jpeg?resize=579%2C1024&amp;ssl=1 579w, https://i0.wp.com/clarapache.com/wp-content/uploads/2022/12/A63229DB-D070-45E2-AC9F-EBFBB6D42194_1_201_a.jpeg?resize=170%2C300&amp;ssl=1 170w, https://i0.wp.com/clarapache.com/wp-content/uploads/2022/12/A63229DB-D070-45E2-AC9F-EBFBB6D42194_1_201_a.jpeg?resize=768%2C1359&amp;ssl=1 768w, https://i0.wp.com/clarapache.com/wp-content/uploads/2022/12/A63229DB-D070-45E2-AC9F-EBFBB6D42194_1_201_a.jpeg?w=825&amp;ssl=1 825w" sizes="(max-width: 579px) 100vw, 579px" /></figure>
</div>



<div class="wp-block-column is-layout-flow wp-block-column-is-layout-flow">
<figure class="wp-block-image size-large is-resized"><img data-recalc-dims="1" decoding="async" src="https://i0.wp.com/clarapache.com/wp-content/uploads/2022/12/7CF3AC11-0A28-4100-98FC-F5392DA4AE16_1_201_a.jpeg?resize=439%2C792&#038;ssl=1" alt="" class="wp-image-575" width="439" height="792" srcset="https://i0.wp.com/clarapache.com/wp-content/uploads/2022/12/7CF3AC11-0A28-4100-98FC-F5392DA4AE16_1_201_a.jpeg?resize=568%2C1024&amp;ssl=1 568w, https://i0.wp.com/clarapache.com/wp-content/uploads/2022/12/7CF3AC11-0A28-4100-98FC-F5392DA4AE16_1_201_a.jpeg?resize=166%2C300&amp;ssl=1 166w, https://i0.wp.com/clarapache.com/wp-content/uploads/2022/12/7CF3AC11-0A28-4100-98FC-F5392DA4AE16_1_201_a.jpeg?resize=768%2C1384&amp;ssl=1 768w, https://i0.wp.com/clarapache.com/wp-content/uploads/2022/12/7CF3AC11-0A28-4100-98FC-F5392DA4AE16_1_201_a.jpeg?w=816&amp;ssl=1 816w" sizes="(max-width: 439px) 100vw, 439px" /></figure>
</div>
</div>



<p class="has-text-align-left">Criação: Bruno Arrais, Clara Pache e Rafaela Schmitt</p>



<p>Modelagem e confeção: Clara Pache</p>



<p>Modelo: Bruno Arrais</p>



<p>Fotos: Beatriz Neves </p>

<p>Look criado e produzido em conjunto dos designers Clara Pache, Bruno Arrais e Rafaela Schimitt, a representar a Universidade da Beira Interior , para desfile “Orange Day”, em Lisboa, no dia 25 de novembro de 2022, Dia Internacional pela eliminação da violência contra as mulheres, e na Covilhã, no dia de abertuda da exposição &#8220;Design? [&hellip;]</p>
