{"id":593,"date":"2023-02-06T18:38:41","date_gmt":"2023-02-06T18:38:41","guid":{"rendered":"https:\/\/clarapache.com\/?page_id=593"},"modified":"2023-02-06T18:41:02","modified_gmt":"2023-02-06T18:41:02","slug":"aspirina-para-dor-de-cabeca","status":"publish","type":"page","link":"https:\/\/clarapache.com\/index.php\/portfolio-2\/aspirina-para-dor-de-cabeca\/","title":{"rendered":"Aspirina para dor de cabe\u00e7a"},"content":{"rendered":"\n<figure class=\"wp-block-image size-large\"><img data-recalc-dims=\"1\" decoding=\"async\" width=\"1024\" height=\"507\" src=\"https:\/\/i0.wp.com\/clarapache.com\/wp-content\/uploads\/2023\/02\/aspirina_filme-1.jpg?resize=1024%2C507&#038;ssl=1\" alt=\"\" class=\"wp-image-599\" srcset=\"https:\/\/i0.wp.com\/clarapache.com\/wp-content\/uploads\/2023\/02\/aspirina_filme-1.jpg?resize=1024%2C507&amp;ssl=1 1024w, https:\/\/i0.wp.com\/clarapache.com\/wp-content\/uploads\/2023\/02\/aspirina_filme-1.jpg?resize=300%2C148&amp;ssl=1 300w, https:\/\/i0.wp.com\/clarapache.com\/wp-content\/uploads\/2023\/02\/aspirina_filme-1.jpg?resize=768%2C380&amp;ssl=1 768w, https:\/\/i0.wp.com\/clarapache.com\/wp-content\/uploads\/2023\/02\/aspirina_filme-1.jpg?resize=1536%2C760&amp;ssl=1 1536w, https:\/\/i0.wp.com\/clarapache.com\/wp-content\/uploads\/2023\/02\/aspirina_filme-1.jpg?resize=2048%2C1014&amp;ssl=1 2048w, https:\/\/i0.wp.com\/clarapache.com\/wp-content\/uploads\/2023\/02\/aspirina_filme-1.jpg?w=1920&amp;ssl=1 1920w\" sizes=\"(max-width: 1000px) 100vw, 1000px\" \/><\/figure>\n\n\n\n<p>O curta-metragem &#8220;Aspirina para dor de cabe\u00e7a&#8221;, dirigido por Philippe Bastos, foi um projeto em que fiz parte como assistente de figurino, para a figurinista Viviane Castelleoni em 2015.<\/p>\n\n\n\n<p>A sinopse conta com um clima sombrio e impactante do \u00faltimo cap\u00edtulo de uma radionovela, Alberto Limonta tenta descobrir os mist\u00e9rios por tr\u00e1s da morte de sua esposa. Logo ele acabar\u00e1 descobrindo que a realidade pode ser mais cruel que a pior das dores de cabe\u00e7a.&nbsp;<\/p>\n\n\n\n<p>Ap\u00f3s a decupagem do texto, desenvolvemos a concep\u00e7\u00e3o do figurino para as tr\u00eas presonagens do enredo. Com uma est\u00e9tica <em>noir<\/em> e inspirada nos anos 40 e 50, criamos figurinos  que falassem por si e marcassem a \u00e9poca. O vestido da cena principal de Graziela tem a cintura marcada, com saia franzida para relembrar os volumes dos anos 40\/50, com pele no decote e brilhos no cinto e alfinete, para mostrar o n\u00edvel social e import\u00e2ncia da personagem. J\u00e1 Alberto usa um terno classico e chap\u00e9u, t\u00edpico da \u00e9poca.<\/p>\n\n\n\n<p>O curta-metragem foi premiados em diversos festivais, podendo citar o pr\u00eamio de 2016, de Melhor Figurino do FESTICINI, Festival Internacional de Cinema Independente.<br><br><\/p>\n\n\n\n<figure class=\"wp-block-image aligncenter size-large\"><img data-recalc-dims=\"1\" decoding=\"async\" width=\"577\" height=\"1024\" src=\"https:\/\/i0.wp.com\/clarapache.com\/wp-content\/uploads\/2023\/02\/14196116_1091592830917117_8491618980657453274_o-1.jpg?resize=577%2C1024&#038;ssl=1\" alt=\"\" class=\"wp-image-596\" srcset=\"https:\/\/i0.wp.com\/clarapache.com\/wp-content\/uploads\/2023\/02\/14196116_1091592830917117_8491618980657453274_o-1.jpg?resize=577%2C1024&amp;ssl=1 577w, https:\/\/i0.wp.com\/clarapache.com\/wp-content\/uploads\/2023\/02\/14196116_1091592830917117_8491618980657453274_o-1.jpg?resize=169%2C300&amp;ssl=1 169w, https:\/\/i0.wp.com\/clarapache.com\/wp-content\/uploads\/2023\/02\/14196116_1091592830917117_8491618980657453274_o-1.jpg?resize=768%2C1363&amp;ssl=1 768w, https:\/\/i0.wp.com\/clarapache.com\/wp-content\/uploads\/2023\/02\/14196116_1091592830917117_8491618980657453274_o-1.jpg?resize=866%2C1536&amp;ssl=1 866w, https:\/\/i0.wp.com\/clarapache.com\/wp-content\/uploads\/2023\/02\/14196116_1091592830917117_8491618980657453274_o-1.jpg?w=1154&amp;ssl=1 1154w\" sizes=\"(max-width: 577px) 100vw, 577px\" \/><\/figure>\n\n\n\n<figure class=\"wp-block-image aligncenter size-full\"><img data-recalc-dims=\"1\" decoding=\"async\" width=\"633\" height=\"960\" src=\"https:\/\/i0.wp.com\/clarapache.com\/wp-content\/uploads\/2023\/02\/24131192_1524951537581242_6416731433798871853_n.jpg?resize=633%2C960&#038;ssl=1\" alt=\"\" class=\"wp-image-597\" srcset=\"https:\/\/i0.wp.com\/clarapache.com\/wp-content\/uploads\/2023\/02\/24131192_1524951537581242_6416731433798871853_n.jpg?w=633&amp;ssl=1 633w, https:\/\/i0.wp.com\/clarapache.com\/wp-content\/uploads\/2023\/02\/24131192_1524951537581242_6416731433798871853_n.jpg?resize=198%2C300&amp;ssl=1 198w\" sizes=\"(max-width: 633px) 100vw, 633px\" \/><\/figure>\n","protected":false},"excerpt":{"rendered":"<p>O curta-metragem &#8220;Aspirina para dor de cabe\u00e7a&#8221;, dirigido por Philippe Bastos, foi um projeto em que fiz parte como assistente de figurino, para a figurinista Viviane Castelleoni em 2015. A sinopse conta com um clima sombrio e impactante do \u00faltimo cap\u00edtulo de uma radionovela, Alberto Limonta tenta descobrir os mist\u00e9rios por tr\u00e1s da morte de [&hellip;]<\/p>\n","protected":false},"author":2,"featured_media":0,"parent":407,"menu_order":0,"comment_status":"closed","ping_status":"closed","template":"","meta":{"footnotes":""},"class_list":["post-593","page","type-page","status-publish","hentry"],"jetpack_sharing_enabled":true,"_links":{"self":[{"href":"https:\/\/clarapache.com\/index.php\/wp-json\/wp\/v2\/pages\/593","targetHints":{"allow":["GET"]}}],"collection":[{"href":"https:\/\/clarapache.com\/index.php\/wp-json\/wp\/v2\/pages"}],"about":[{"href":"https:\/\/clarapache.com\/index.php\/wp-json\/wp\/v2\/types\/page"}],"author":[{"embeddable":true,"href":"https:\/\/clarapache.com\/index.php\/wp-json\/wp\/v2\/users\/2"}],"replies":[{"embeddable":true,"href":"https:\/\/clarapache.com\/index.php\/wp-json\/wp\/v2\/comments?post=593"}],"version-history":[{"count":2,"href":"https:\/\/clarapache.com\/index.php\/wp-json\/wp\/v2\/pages\/593\/revisions"}],"predecessor-version":[{"id":600,"href":"https:\/\/clarapache.com\/index.php\/wp-json\/wp\/v2\/pages\/593\/revisions\/600"}],"up":[{"embeddable":true,"href":"https:\/\/clarapache.com\/index.php\/wp-json\/wp\/v2\/pages\/407"}],"wp:attachment":[{"href":"https:\/\/clarapache.com\/index.php\/wp-json\/wp\/v2\/media?parent=593"}],"curies":[{"name":"wp","href":"https:\/\/api.w.org\/{rel}","templated":true}]}}

Aspirina para dor de cabeça

<figure class="wp-block-image size-large"><img data-recalc-dims="1" decoding="async" width="1024" height="507" src="https://i0.wp.com/clarapache.com/wp-content/uploads/2023/02/aspirina_filme-1.jpg?resize=1024%2C507&#038;ssl=1" alt="" class="wp-image-599" srcset="https://i0.wp.com/clarapache.com/wp-content/uploads/2023/02/aspirina_filme-1.jpg?resize=1024%2C507&amp;ssl=1 1024w, https://i0.wp.com/clarapache.com/wp-content/uploads/2023/02/aspirina_filme-1.jpg?resize=300%2C148&amp;ssl=1 300w, https://i0.wp.com/clarapache.com/wp-content/uploads/2023/02/aspirina_filme-1.jpg?resize=768%2C380&amp;ssl=1 768w, https://i0.wp.com/clarapache.com/wp-content/uploads/2023/02/aspirina_filme-1.jpg?resize=1536%2C760&amp;ssl=1 1536w, https://i0.wp.com/clarapache.com/wp-content/uploads/2023/02/aspirina_filme-1.jpg?resize=2048%2C1014&amp;ssl=1 2048w, https://i0.wp.com/clarapache.com/wp-content/uploads/2023/02/aspirina_filme-1.jpg?w=1920&amp;ssl=1 1920w" sizes="(max-width: 1000px) 100vw, 1000px" /></figure>



<p>O curta-metragem &#8220;Aspirina para dor de cabeça&#8221;, dirigido por Philippe Bastos, foi um projeto em que fiz parte como assistente de figurino, para a figurinista Viviane Castelleoni em 2015.</p>



<p>A sinopse conta com um clima sombrio e impactante do último capítulo de uma radionovela, Alberto Limonta tenta descobrir os mistérios por trás da morte de sua esposa. Logo ele acabará descobrindo que a realidade pode ser mais cruel que a pior das dores de cabeça.&nbsp;</p>



<p>Após a decupagem do texto, desenvolvemos a concepção do figurino para as três presonagens do enredo. Com uma estética <em>noir</em> e inspirada nos anos 40 e 50, criamos figurinos  que falassem por si e marcassem a época. O vestido da cena principal de Graziela tem a cintura marcada, com saia franzida para relembrar os volumes dos anos 40/50, com pele no decote e brilhos no cinto e alfinete, para mostrar o nível social e importância da personagem. Já Alberto usa um terno classico e chapéu, típico da época.</p>



<p>O curta-metragem foi premiados em diversos festivais, podendo citar o prêmio de 2016, de Melhor Figurino do FESTICINI, Festival Internacional de Cinema Independente.<br><br></p>



<figure class="wp-block-image aligncenter size-large"><img data-recalc-dims="1" decoding="async" width="577" height="1024" src="https://i0.wp.com/clarapache.com/wp-content/uploads/2023/02/14196116_1091592830917117_8491618980657453274_o-1.jpg?resize=577%2C1024&#038;ssl=1" alt="" class="wp-image-596" srcset="https://i0.wp.com/clarapache.com/wp-content/uploads/2023/02/14196116_1091592830917117_8491618980657453274_o-1.jpg?resize=577%2C1024&amp;ssl=1 577w, https://i0.wp.com/clarapache.com/wp-content/uploads/2023/02/14196116_1091592830917117_8491618980657453274_o-1.jpg?resize=169%2C300&amp;ssl=1 169w, https://i0.wp.com/clarapache.com/wp-content/uploads/2023/02/14196116_1091592830917117_8491618980657453274_o-1.jpg?resize=768%2C1363&amp;ssl=1 768w, https://i0.wp.com/clarapache.com/wp-content/uploads/2023/02/14196116_1091592830917117_8491618980657453274_o-1.jpg?resize=866%2C1536&amp;ssl=1 866w, https://i0.wp.com/clarapache.com/wp-content/uploads/2023/02/14196116_1091592830917117_8491618980657453274_o-1.jpg?w=1154&amp;ssl=1 1154w" sizes="(max-width: 577px) 100vw, 577px" /></figure>



<figure class="wp-block-image aligncenter size-full"><img data-recalc-dims="1" decoding="async" width="633" height="960" src="https://i0.wp.com/clarapache.com/wp-content/uploads/2023/02/24131192_1524951537581242_6416731433798871853_n.jpg?resize=633%2C960&#038;ssl=1" alt="" class="wp-image-597" srcset="https://i0.wp.com/clarapache.com/wp-content/uploads/2023/02/24131192_1524951537581242_6416731433798871853_n.jpg?w=633&amp;ssl=1 633w, https://i0.wp.com/clarapache.com/wp-content/uploads/2023/02/24131192_1524951537581242_6416731433798871853_n.jpg?resize=198%2C300&amp;ssl=1 198w" sizes="(max-width: 633px) 100vw, 633px" /></figure>

<p>O curta-metragem &#8220;Aspirina para dor de cabeça&#8221;, dirigido por Philippe Bastos, foi um projeto em que fiz parte como assistente de figurino, para a figurinista Viviane Castelleoni em 2015. A sinopse conta com um clima sombrio e impactante do último capítulo de uma radionovela, Alberto Limonta tenta descobrir os mistérios por trás da morte de [&hellip;]</p>
