{"id":615,"date":"2023-07-11T12:30:35","date_gmt":"2023-07-11T12:30:35","guid":{"rendered":"https:\/\/clarapache.com\/?page_id=615"},"modified":"2024-04-14T10:48:25","modified_gmt":"2024-04-14T10:48:25","slug":"projeto-teste-3d-mtl","status":"publish","type":"page","link":"https:\/\/clarapache.com\/index.php\/projeto-teste-3d-mtl\/","title":{"rendered":"Museu Nacional do Traje &#8211; Lisboa"},"content":{"rendered":"\n<div class=\"wp-block-group alignwide is-content-justification-left is-nowrap is-layout-flex wp-container-core-group-is-layout-fc9f69e7 wp-block-group-is-layout-flex\">\n<p>As pe\u00e7as capturadas em 3D no Museu do Traje de Lisboa proporcionam uma experi\u00eancia \u00fanica ao visitante, permitindo explorar detalhes intrincados e apreciar a riqueza dos trajes hist\u00f3ricos de uma forma imersiva e interativa. Com essa tecnologia inovadora, \u00e9 poss\u00edvel admirar cada costura, textura e ornamento dos trajes, mergulhando no passado e estimulando a curiosidade pelo patrim\u00f4nio cultural da moda.<\/p>\n\n\n\n<center><div class=\"sketchfab-embed-wrapper\"> <iframe loading=\"lazy\" title=\"Dress (Plis Watteau) 1750 (MNT Inv. n\u00b01013)\" frameborder=\"0\" allowfullscreen mozallowfullscreen=\"true\" webkitallowfullscreen=\"true\" allow=\"autoplay; fullscreen; xr-spatial-tracking\" xr-spatial-tracking execution-while-out-of-viewport execution-while-not-rendered web-share width=\"640\" height=\"480\" src=\"https:\/\/sketchfab.com\/models\/76b602032f0344aba8f9c429c76335d0\/embed?autostart=1&#038;ui_theme=dark\"> <\/iframe> <p style=\"font-size: 13px; font-weight: normal; margin: 5px; color: #4A4A4A;\"> <a href=\"https:\/\/sketchfab.com\/3d-models\/dress-plis-watteau-1750-mnt-inv-n1013-76b602032f0344aba8f9c429c76335d0?utm_medium=embed&#038;utm_campaign=share-popup&#038;utm_content=76b602032f0344aba8f9c429c76335d0\" target=\"_blank\" rel=\"nofollow noopener\" style=\"font-weight: bold; color: #1CAAD9;\"> Dress (Plis Watteau) 1750 (MNT Inv. n\u00b01013) <\/a> by <a href=\"https:\/\/sketchfab.com\/clarapache?utm_medium=embed&#038;utm_campaign=share-popup&#038;utm_content=76b602032f0344aba8f9c429c76335d0\" target=\"_blank\" rel=\"nofollow noopener\" style=\"font-weight: bold; color: #1CAAD9;\"> clarapache <\/a> on <a href=\"https:\/\/sketchfab.com?utm_medium=embed&#038;utm_campaign=share-popup&#038;utm_content=76b602032f0344aba8f9c429c76335d0\" target=\"_blank\" rel=\"nofollow noopener\" style=\"font-weight: bold; color: #1CAAD9;\">Sketchfab<\/a><\/p><\/div><\/center>\n<\/div>\n\n\n<iframe src=\"https:\/\/clarapache.com\/3d\/\" title=\"description\" box-sizing:border-box; style=\"width:95%; height:90vh; min-height:400px; max-height:900px; overflow:hidden; border:0; margin:10px auto;\"><\/iframe>","protected":false},"excerpt":{"rendered":"<p>As pe\u00e7as capturadas em 3D no Museu do Traje de Lisboa proporcionam uma experi\u00eancia \u00fanica ao visitante, permitindo explorar detalhes intrincados e apreciar a riqueza dos trajes hist\u00f3ricos de uma forma imersiva e interativa. Com essa tecnologia inovadora, \u00e9 poss\u00edvel admirar cada costura, textura e ornamento dos trajes, mergulhando no passado e estimulando a curiosidade [&hellip;]<\/p>\n","protected":false},"author":1,"featured_media":0,"parent":0,"menu_order":0,"comment_status":"closed","ping_status":"closed","template":"","meta":{"footnotes":""},"class_list":["post-615","page","type-page","status-publish","hentry"],"jetpack_sharing_enabled":true,"_links":{"self":[{"href":"https:\/\/clarapache.com\/index.php\/wp-json\/wp\/v2\/pages\/615","targetHints":{"allow":["GET"]}}],"collection":[{"href":"https:\/\/clarapache.com\/index.php\/wp-json\/wp\/v2\/pages"}],"about":[{"href":"https:\/\/clarapache.com\/index.php\/wp-json\/wp\/v2\/types\/page"}],"author":[{"embeddable":true,"href":"https:\/\/clarapache.com\/index.php\/wp-json\/wp\/v2\/users\/1"}],"replies":[{"embeddable":true,"href":"https:\/\/clarapache.com\/index.php\/wp-json\/wp\/v2\/comments?post=615"}],"version-history":[{"count":7,"href":"https:\/\/clarapache.com\/index.php\/wp-json\/wp\/v2\/pages\/615\/revisions"}],"predecessor-version":[{"id":677,"href":"https:\/\/clarapache.com\/index.php\/wp-json\/wp\/v2\/pages\/615\/revisions\/677"}],"wp:attachment":[{"href":"https:\/\/clarapache.com\/index.php\/wp-json\/wp\/v2\/media?parent=615"}],"curies":[{"name":"wp","href":"https:\/\/api.w.org\/{rel}","templated":true}]}}